{"id":255,"date":"2025-01-12T19:24:01","date_gmt":"2025-01-13T01:24:01","guid":{"rendered":"https:\/\/www.sadot.work\/?page_id=255"},"modified":"2025-04-01T12:41:29","modified_gmt":"2025-04-01T18:41:29","slug":"materiales-por-nodos","status":"publish","type":"page","link":"https:\/\/www.sadot.work\/?page_id=255","title":{"rendered":"Toon Shading"},"content":{"rendered":"\n<p class=\"has-very-light-gray-to-cyan-bluish-gray-gradient-background has-background\">EL cl\u00e1sico Intro a Blender:<br>En el siguiente video te daras una idea de como utilizar Blender (si es que a\u00fan no lo usas)<\/p>\n\n\n\n<p><iframe loading=\"lazy\" src=\"https:\/\/tecmx-my.sharepoint.com\/personal\/carmona_caballero_tec_mx\/_layouts\/15\/embed.aspx?UniqueId=698bf6b4-1060-4780-a019-92040445e569&#038;embed=%7B%22ust%22%3Afalse%2C%22hv%22%3A%22CopyEmbedCode%22%7D&#038;referrer=StreamWebApp&#038;referrerScenario=EmbedDialog.Create\" width=\"640\" height=\"360\" frameborder=\"0\" scrolling=\"no\" allowfullscreen title=\"Intro_a_Blender.mp4\"><\/iframe><\/p>\n\n\n\n<p class=\"has-very-light-gray-to-cyan-bluish-gray-gradient-background has-background\">Creaci\u00f3n de el el material tipo Anime<br>El material b\u00e1sico que usaremos para aplicar los diferentes niveles de sobras\/luces<\/p>\n\n\n\n<iframe loading=\"lazy\" src=\"https:\/\/tecmx-my.sharepoint.com\/personal\/carmona_caballero_tec_mx\/_layouts\/15\/embed.aspx?UniqueId=39ca0e46-ff72-46bf-8894-8656d231d515&#038;embed=%7B%22ust%22%3Atrue%2C%22hv%22%3A%22CopyEmbedCode%22%7D&#038;referrer=StreamWebApp&#038;referrerScenario=EmbedDialog.Create\" width=\"640\" height=\"360\" frameborder=\"0\" scrolling=\"no\" allowfullscreen title=\"CellShading.mp4\"><\/iframe>\n\n\n\n<p><\/p>\n\n\n\n<p class=\"has-very-light-gray-to-cyan-bluish-gray-gradient-background has-background\">Lineas c\u00f3mic, m\u00e9todo A<\/p>\n\n\n\n<p><iframe loading=\"lazy\" src=\"https:\/\/tecmx-my.sharepoint.com\/personal\/carmona_caballero_tec_mx\/_layouts\/15\/embed.aspx?UniqueId=168a5a21-5cc5-4592-a8ad-84440f3e74b3&amp;embed=%7B%22ust%22%3Atrue%2C%22hv%22%3A%22CopyEmbedCode%22%7D&amp;referrer=StreamWebApp&amp;referrerScenario=EmbedDialog.Create\" width=\"640\" height=\"360\" frameborder=\"0\" scrolling=\"no\" allowfullscreen=\"\" title=\"LinesA.mp4\"><\/iframe><\/p>\n\n\n\n<p class=\"has-very-light-gray-to-cyan-bluish-gray-gradient-background has-background\">L\u00edneas c\u00f3mic, m\u00e9todo B<\/p>\n\n\n\n<p><iframe loading=\"lazy\" src=\"https:\/\/tecmx-my.sharepoint.com\/personal\/carmona_caballero_tec_mx\/_layouts\/15\/embed.aspx?UniqueId=af4937d5-c23c-492b-b841-9f95bb9eed3d&amp;embed=%7B%22ust%22%3Atrue%2C%22hv%22%3A%22CopyEmbedCode%22%7D&amp;referrer=StreamWebApp&amp;referrerScenario=EmbedDialog.Create\" width=\"640\" height=\"360\" frameborder=\"0\" scrolling=\"no\" allowfullscreen=\"\" title=\"LinesB.mp4\"><\/iframe><\/p>\n\n\n\n<p class=\"has-very-light-gray-to-cyan-bluish-gray-gradient-background has-background\">Puntos c\u00f3mic, m\u00e9todo A<\/p>\n\n\n\n<p><iframe loading=\"lazy\" src=\"https:\/\/tecmx-my.sharepoint.com\/personal\/carmona_caballero_tec_mx\/_layouts\/15\/embed.aspx?UniqueId=b3f8e338-9c65-477e-9245-028686fe780c&amp;embed=%7B%22ust%22%3Atrue%2C%22hv%22%3A%22CopyEmbedCode%22%7D&amp;referrer=StreamWebApp&amp;referrerScenario=EmbedDialog.Create\" width=\"640\" height=\"360\" frameborder=\"0\" scrolling=\"no\" allowfullscreen=\"\" title=\"DotsA.mp4\"><\/iframe><\/p>\n\n\n\n<p class=\"has-very-light-gray-to-cyan-bluish-gray-gradient-background has-background\">Puntos c\u00f3mic, m\u00e9todo B<\/p>\n\n\n\n<p><iframe loading=\"lazy\" src=\"https:\/\/tecmx-my.sharepoint.com\/personal\/carmona_caballero_tec_mx\/_layouts\/15\/embed.aspx?UniqueId=8caf3d02-9b78-4658-8422-678b1ed86cc9&amp;embed=%7B%22ust%22%3Atrue%2C%22hv%22%3A%22CopyEmbedCode%22%7D&amp;referrer=StreamWebApp&amp;referrerScenario=EmbedDialog.Create\" width=\"640\" height=\"360\" frameborder=\"0\" scrolling=\"no\" allowfullscreen=\"\" title=\"DotsB.mp4\"><\/iframe><\/p>\n\n\n\n<p class=\"has-very-light-gray-to-cyan-bluish-gray-gradient-background has-background\">General el patr\u00f3n similar a grabado (tipo impresi\u00f3n de un billete)<\/p>\n\n\n\n<p><iframe loading=\"lazy\" src=\"https:\/\/tecmx-my.sharepoint.com\/personal\/carmona_caballero_tec_mx\/_layouts\/15\/embed.aspx?UniqueId=657ee763-41a5-4d22-a7ee-060464eaba95&amp;embed=%7B%22ust%22%3Atrue%2C%22hv%22%3A%22CopyEmbedCode%22%7D&amp;referrer=StreamWebApp&amp;referrerScenario=EmbedDialog.Create\" width=\"640\" height=\"360\" frameborder=\"0\" scrolling=\"no\" allowfullscreen=\"\" title=\"Engraving.mp4\"><\/iframe><\/p>\n\n\n\n<figure class=\"wp-block-gallery has-nested-images columns-default is-cropped wp-block-gallery-1 is-layout-flex wp-block-gallery-is-layout-flex\">\n<figure class=\"wp-block-image size-large is-resized\"><a href=\"https:\/\/www.sadot.work\/wp-content\/uploads\/2025\/01\/grabado.png\"><img loading=\"lazy\" decoding=\"async\" width=\"576\" height=\"1024\" data-id=\"277\" src=\"https:\/\/www.sadot.work\/wp-content\/uploads\/2025\/01\/grabado-576x1024.png\" alt=\"\" class=\"wp-image-277\" style=\"width:187px;height:auto\" srcset=\"https:\/\/www.sadot.work\/wp-content\/uploads\/2025\/01\/grabado-576x1024.png 576w, https:\/\/www.sadot.work\/wp-content\/uploads\/2025\/01\/grabado-169x300.png 169w, https:\/\/www.sadot.work\/wp-content\/uploads\/2025\/01\/grabado-768x1365.png 768w, https:\/\/www.sadot.work\/wp-content\/uploads\/2025\/01\/grabado-864x1536.png 864w, https:\/\/www.sadot.work\/wp-content\/uploads\/2025\/01\/grabado.png 1080w\" sizes=\"auto, (max-width: 576px) 100vw, 576px\" \/><\/a><\/figure>\n\n\n\n<figure class=\"wp-block-image size-large is-resized\"><a href=\"https:\/\/www.sadot.work\/wp-content\/uploads\/2025\/01\/mix02.png\"><img loading=\"lazy\" decoding=\"async\" width=\"576\" height=\"1024\" data-id=\"282\" src=\"https:\/\/www.sadot.work\/wp-content\/uploads\/2025\/01\/mix02-576x1024.png\" alt=\"\" class=\"wp-image-282\" style=\"width:188px;height:auto\" srcset=\"https:\/\/www.sadot.work\/wp-content\/uploads\/2025\/01\/mix02-576x1024.png 576w, https:\/\/www.sadot.work\/wp-content\/uploads\/2025\/01\/mix02-169x300.png 169w, https:\/\/www.sadot.work\/wp-content\/uploads\/2025\/01\/mix02-768x1365.png 768w, https:\/\/www.sadot.work\/wp-content\/uploads\/2025\/01\/mix02-864x1536.png 864w, https:\/\/www.sadot.work\/wp-content\/uploads\/2025\/01\/mix02.png 1080w\" sizes=\"auto, (max-width: 576px) 100vw, 576px\" \/><\/a><\/figure>\n\n\n\n<figure class=\"wp-block-image size-large is-resized\"><a href=\"http:\/\/www.sadot.work\/wp-content\/uploads\/2025\/01\/lineasa-1.png\"><img loading=\"lazy\" decoding=\"async\" width=\"576\" height=\"1024\" data-id=\"280\" src=\"http:\/\/www.sadot.work\/wp-content\/uploads\/2025\/01\/lineasa-1-576x1024.png\" alt=\"\" class=\"wp-image-280\" style=\"width:182px;height:auto\" srcset=\"https:\/\/www.sadot.work\/wp-content\/uploads\/2025\/01\/lineasa-1-576x1024.png 576w, https:\/\/www.sadot.work\/wp-content\/uploads\/2025\/01\/lineasa-1-169x300.png 169w, https:\/\/www.sadot.work\/wp-content\/uploads\/2025\/01\/lineasa-1-768x1365.png 768w, https:\/\/www.sadot.work\/wp-content\/uploads\/2025\/01\/lineasa-1-864x1536.png 864w, https:\/\/www.sadot.work\/wp-content\/uploads\/2025\/01\/lineasa-1.png 1080w\" sizes=\"auto, (max-width: 576px) 100vw, 576px\" \/><\/a><\/figure>\n\n\n\n<figure class=\"wp-block-image size-large is-resized\"><a href=\"https:\/\/www.sadot.work\/wp-content\/uploads\/2025\/01\/cell-3.png\"><img loading=\"lazy\" decoding=\"async\" width=\"576\" height=\"1024\" data-id=\"279\" src=\"https:\/\/www.sadot.work\/wp-content\/uploads\/2025\/01\/cell-3-576x1024.png\" alt=\"\" class=\"wp-image-279\" style=\"width:186px;height:auto\" srcset=\"https:\/\/www.sadot.work\/wp-content\/uploads\/2025\/01\/cell-3-576x1024.png 576w, https:\/\/www.sadot.work\/wp-content\/uploads\/2025\/01\/cell-3-169x300.png 169w, https:\/\/www.sadot.work\/wp-content\/uploads\/2025\/01\/cell-3-768x1365.png 768w, https:\/\/www.sadot.work\/wp-content\/uploads\/2025\/01\/cell-3-864x1536.png 864w, https:\/\/www.sadot.work\/wp-content\/uploads\/2025\/01\/cell-3.png 1080w\" sizes=\"auto, (max-width: 576px) 100vw, 576px\" \/><\/a><\/figure>\n\n\n\n<figure class=\"wp-block-image size-large is-resized\"><a href=\"https:\/\/www.sadot.work\/wp-content\/uploads\/2025\/01\/mix01.png\"><img loading=\"lazy\" decoding=\"async\" width=\"576\" height=\"1024\" data-id=\"281\" src=\"https:\/\/www.sadot.work\/wp-content\/uploads\/2025\/01\/mix01-576x1024.png\" alt=\"\" class=\"wp-image-281\" style=\"width:187px;height:auto\" srcset=\"https:\/\/www.sadot.work\/wp-content\/uploads\/2025\/01\/mix01-576x1024.png 576w, https:\/\/www.sadot.work\/wp-content\/uploads\/2025\/01\/mix01-169x300.png 169w, https:\/\/www.sadot.work\/wp-content\/uploads\/2025\/01\/mix01-768x1365.png 768w, https:\/\/www.sadot.work\/wp-content\/uploads\/2025\/01\/mix01-864x1536.png 864w, https:\/\/www.sadot.work\/wp-content\/uploads\/2025\/01\/mix01.png 1080w\" sizes=\"auto, (max-width: 576px) 100vw, 576px\" \/><\/a><\/figure>\n\n\n\n<figure class=\"wp-block-image size-large is-resized\"><a href=\"https:\/\/www.sadot.work\/wp-content\/uploads\/2025\/01\/puntosa.png\"><img loading=\"lazy\" decoding=\"async\" width=\"576\" height=\"1024\" data-id=\"283\" src=\"https:\/\/www.sadot.work\/wp-content\/uploads\/2025\/01\/puntosa-576x1024.png\" alt=\"\" class=\"wp-image-283\" style=\"width:185px;height:auto\" srcset=\"https:\/\/www.sadot.work\/wp-content\/uploads\/2025\/01\/puntosa-576x1024.png 576w, https:\/\/www.sadot.work\/wp-content\/uploads\/2025\/01\/puntosa-169x300.png 169w, https:\/\/www.sadot.work\/wp-content\/uploads\/2025\/01\/puntosa-768x1365.png 768w, https:\/\/www.sadot.work\/wp-content\/uploads\/2025\/01\/puntosa-864x1536.png 864w, https:\/\/www.sadot.work\/wp-content\/uploads\/2025\/01\/puntosa.png 1080w\" sizes=\"auto, (max-width: 576px) 100vw, 576px\" \/><\/a><\/figure>\n<\/figure>\n\n\n\n<p class=\"has-very-light-gray-to-cyan-bluish-gray-gradient-background has-background\">Puedes intentar con este set-up de nodos para un resultado diferente<\/p>\n\n\n\n<figure class=\"wp-block-image size-large\"><a href=\"https:\/\/www.sadot.work\/wp-content\/uploads\/2025\/01\/blender_43_gabor_noise_example-1280x767-1.webp\"><img loading=\"lazy\" decoding=\"async\" width=\"1024\" height=\"614\" src=\"https:\/\/www.sadot.work\/wp-content\/uploads\/2025\/01\/blender_43_gabor_noise_example-1280x767-1-1024x614.webp\" alt=\"\" class=\"wp-image-284\" srcset=\"https:\/\/www.sadot.work\/wp-content\/uploads\/2025\/01\/blender_43_gabor_noise_example-1280x767-1-1024x614.webp 1024w, https:\/\/www.sadot.work\/wp-content\/uploads\/2025\/01\/blender_43_gabor_noise_example-1280x767-1-300x180.webp 300w, https:\/\/www.sadot.work\/wp-content\/uploads\/2025\/01\/blender_43_gabor_noise_example-1280x767-1-768x460.webp 768w, https:\/\/www.sadot.work\/wp-content\/uploads\/2025\/01\/blender_43_gabor_noise_example-1280x767-1.webp 1280w\" sizes=\"auto, (max-width: 1024px) 100vw, 1024px\" \/><\/a><\/figure>\n\n\n\n<p class=\"has-very-light-gray-to-cyan-bluish-gray-gradient-background has-background\">Adicionalmente a\u00f1ade un controlador con un rango de 0.1 a 2 en la entrada del nodo Diffuse para tener un mejor control de la intensidad de las luces\/sombras.<\/p>\n\n\n\n<figure class=\"wp-block-image size-full\"><a href=\"https:\/\/www.sadot.work\/wp-content\/uploads\/2025\/01\/Captura-de-pantalla-2025-01-12-201031.png\"><img loading=\"lazy\" decoding=\"async\" width=\"983\" height=\"358\" src=\"https:\/\/www.sadot.work\/wp-content\/uploads\/2025\/01\/Captura-de-pantalla-2025-01-12-201031.png\" alt=\"\" class=\"wp-image-285\" srcset=\"https:\/\/www.sadot.work\/wp-content\/uploads\/2025\/01\/Captura-de-pantalla-2025-01-12-201031.png 983w, https:\/\/www.sadot.work\/wp-content\/uploads\/2025\/01\/Captura-de-pantalla-2025-01-12-201031-300x109.png 300w, https:\/\/www.sadot.work\/wp-content\/uploads\/2025\/01\/Captura-de-pantalla-2025-01-12-201031-768x280.png 768w\" sizes=\"auto, (max-width: 983px) 100vw, 983px\" \/><\/a><\/figure>\n\n\n\n<p class=\"has-very-light-gray-to-cyan-bluish-gray-gradient-background has-background\">Si tienes dudas me puedes mandar un mensaje v\u00eda Discord, a\u00f1ade el nombre del video y m\u00e1s o menos en que parte es que estas teniendo el problema<\/p>\n\n\n\n<p class=\"has-very-light-gray-to-cyan-bluish-gray-gradient-background has-background\"><a href=\"https:\/\/discord.gg\/rrP5nes3nE\"><strong>https:\/\/discord.gg\/rrP5nes3nE<\/strong><\/a><\/p>\n\n\n\n<p class=\"has-very-light-gray-to-cyan-bluish-gray-gradient-background has-background\">Tu retroalimentaci\u00f3n me es importante =) env\u00edame un mensajito una vez que los termines (tambi\u00e9n si no los terminaste)<\/p>\n","protected":false},"excerpt":{"rendered":"<p>EL cl\u00e1sico Intro a Blender:En el siguiente video te daras una idea de como utilizar Blender (si es que a\u00fan no lo usas) Creaci\u00f3n de el el material tipo AnimeEl material b\u00e1sico que usaremos para aplicar los diferentes niveles de sobras\/luces Lineas c\u00f3mic, m\u00e9todo A L\u00edneas c\u00f3mic, m\u00e9todo B Puntos c\u00f3mic, m\u00e9todo A Puntos c\u00f3mic, [&hellip;]<\/p>\n","protected":false},"author":1,"featured_media":0,"parent":0,"menu_order":0,"comment_status":"closed","ping_status":"closed","template":"","meta":{"footnotes":""},"class_list":["post-255","page","type-page","status-publish","hentry"],"_links":{"self":[{"href":"https:\/\/www.sadot.work\/index.php?rest_route=\/wp\/v2\/pages\/255","targetHints":{"allow":["GET"]}}],"collection":[{"href":"https:\/\/www.sadot.work\/index.php?rest_route=\/wp\/v2\/pages"}],"about":[{"href":"https:\/\/www.sadot.work\/index.php?rest_route=\/wp\/v2\/types\/page"}],"author":[{"embeddable":true,"href":"https:\/\/www.sadot.work\/index.php?rest_route=\/wp\/v2\/users\/1"}],"replies":[{"embeddable":true,"href":"https:\/\/www.sadot.work\/index.php?rest_route=%2Fwp%2Fv2%2Fcomments&post=255"}],"version-history":[{"count":25,"href":"https:\/\/www.sadot.work\/index.php?rest_route=\/wp\/v2\/pages\/255\/revisions"}],"predecessor-version":[{"id":296,"href":"https:\/\/www.sadot.work\/index.php?rest_route=\/wp\/v2\/pages\/255\/revisions\/296"}],"wp:attachment":[{"href":"https:\/\/www.sadot.work\/index.php?rest_route=%2Fwp%2Fv2%2Fmedia&parent=255"}],"curies":[{"name":"wp","href":"https:\/\/api.w.org\/{rel}","templated":true}]}}